
What is the units digit of 2310?
0
What is the tens digit of 6705?
0
What is the thousands digit of 5023?
5
What is the ten thousands digit of 30935?
3
What is the thousands digit of 14901?
4
What is the thousands digit of 5983?
5
What is the units digit of 194640?
0
What is the thousands digit of 4134?
4
What is the hundreds digit of 1204?
2
What is the ten thousands digit of 15176?
1
What is the units digit of 15711?
1
What is the tens digit of 44412?
1
What is the units digit of 4110?
0
What is the units digit of 5390?
0
What is the hundreds digit of 537?
5
What is the tens digit of 4426?
2
What is the hundreds digit of 997?
9
What is the thousands digit of 1258?
1
What is the tens digit of 30196?
9
What is the thousands digit of 47794?
7
What is the tens digit of 7768?
6
What is the tens digit of 880?
8
What is the hundreds digit of 1112?
1
What is the hundreds digit of 12405?
4
What is the hundreds digit of 43895?
8
What is the tens digit of 265?
6
What is the units digit of 5400?
0
What is the tens digit of 228?
2
What is the hundreds digit of 780?
7
What is the units digit of 13039?
9
What is the hundreds digit of 50695?
6
What is the ten thousands digit of 128638?
2
What is the units digit of 38969?
9
What is the tens digit of 4282?
8
What is the tens digit of 822?
2
What is the hundreds digit of 1086?
0
What is the tens digit of 3758?
5
What is the thousands digit of 109514?
9
What is the units digit of 149473?
3
What is the units digit of 3601?
1
What is the tens digit of 1582?
8
What is the ten thousands digit of 32178?
3
What is the units digit of 20198?
8
What is the tens digit of 4740?
4
What is the tens digit of 22625?
2
What is the thousands digit of 9613?
9
What is the tens digit of 3362?
6
What is the units digit of 26902?
2
What is the tens digit of 7421?
2
What is the hundreds digit of 610?
6
What is the ten thousands digit of 33514?
3
What is the tens digit of 20885?
8
What is the tens digit of 3178?
7
What is the hundreds digit of 349?
3
What is the units digit of 1948?
8
What is the units digit of 323?
3
What is the thousands digit of 33767?
3
What is the units digit of 33994?
4
What is the hundreds digit of 1672?
6
What is the ten thousands digit of 46863?
4
What is the tens digit of 377?
7
What is the tens digit of 1152?
5
What is the units digit of 57196?
6
What is the thousands digit of 8222?
8
What is the tens digit of 42755?
5
What is the units digit of 11200?
0
What is the hundreds digit of 507?
5
What is the units digit of 19258?
8
What is the units digit of 734?
4
What is the thousands digit of 1242?
1
What is the hundreds digit of 488?
4
What is the units digit of 7503?
3
What is the thousands digit of 70634?
0
What is the hundreds digit of 3391?
3
What is the thousands digit of 19434?
9
What is the hundreds digit of 818?
8
What is the units digit of 1620?
0
What is the ten thousands digit of 12326?
1
What is the tens digit of 1077?
7
What is the tens digit of 5207?
0
What is the hundreds digit of 81386?
3
What is the units digit of 154299?
9
What is the hundreds digit of 60742?
7
What is the tens digit of 267?
6
What is the thousands digit of 25048?
5
What is the units digit of 64032?
2
What is the thousands digit of 1527?
1
What is the hundreds digit of 29154?
1
What is the thousands digit of 8864?
8
What is the units digit of 23119?
9
What is the tens digit of 247?
4
What is the tens digit of 6790?
9
What is the tens digit of 673?
7
What is the thousands digit of 40282?
0
What is the hundreds digit of 2528?
5
What is the tens digit of 21902?
0
What is the units digit of 5672?
2
What is the thousands digit of 57214?
7
What is the hundreds digit of 29407?
4
What is the units digit of 199?
9
What is the tens digit of 3763?
6
What is the ten thousands digit of 51218?
5
What is the hundreds digit of 9106?
1
What is the hundreds digit of 1100?
1
What is the tens digit of 571?
7
What is the tens digit of 259?
5
What is the hundreds digit of 268?
2
What is the hundreds digit of 8242?
2
What is the units digit of 36404?
4
What is the units digit of 578?
8
What is the tens digit of 20513?
1
What is the thousands digit of 4960?
4
What is the thousands digit of 17052?
7
What is the hundreds digit of 3867?
8
What is the tens digit of 444?
4
What is the tens digit of 17505?
0
What is the thousands digit of 15690?
5
What is the tens digit of 7912?
1
What is the thousands digit of 10079?
0
What is the hundreds digit of 4286?
2
What is the units digit of 5483?
3
What is the hundreds digit of 128369?
3
What is the thousands digit of 5001?
5
What is the hundreds digit of 17873?
8
What is the tens digit of 1312?
1
What is the tens digit of 496?
9
What is the units digit of 19742?
2
What is the units digit of 1390?
0
What is the hundreds digit of 6642?
6
What is the units digit of 315?
5
What is the units digit of 13404?
4
What is the units digit of 5373?
3
What is the hundreds digit of 13609?
6
What is the hundreds digit of 3843?
8
What is the tens digit of 12768?
6
What is the thousands digit of 84438?
4
What is the hundreds digit of 1747?
7
What is the hundreds digit of 23192?
1
What is the tens digit of 11847?
4
What is the units digit of 736?
6
What is the units digit of 3887?
7
What is the units digit of 882?
2
What is the units digit of 1445?
5
What is the units digit of 204?
4
What is the tens digit of 164?
6
What is the units digit of 53799?
9
What is the units digit of 755?
5
What is the thousands digit of 14486?
4
What is the tens digit of 16028?
2
What is the units digit of 37316?
6
What is the tens digit of 19695?
9
What is the units digit of 37399?
9
What is the units digit of 26253?
3
What is the hundreds digit of 9068?
0
What is the tens digit of 10362?
6
What is the thousands digit of 41632?
1
What is the hundreds digit of 77657?
6
What is the thousands digit of 20340?
0
What is the tens digit of 1246?
4
What is the tens digit of 7525?
2
What is the units digit of 570?
0
What is the thousands digit of 33613?
3
What is the hundreds digit of 7639?
6
What is the thousands digit of 60768?
0
What is the thousands digit of 2481?
2
What is the hundreds digit of 2593?
5
What is the tens digit of 581?
8
What is the units digit of 6931?
1
What is the hundreds digit of 5352?
3
What is the units digit of 2075?
5
What is the units digit of 186886?
6
What is the thousands digit of 2999?
2
What is the thousands digit of 2105?
2
What is the units digit of 2413?
3
What is the units digit of 12839?
9
What is the units digit of 8045?
5
What is the units digit of 2621?
1
What is the units digit of 3598?
8
What is the tens digit of 5325?
2
What is the tens digit of 625?
2
What is the tens digit of 1528?
2
What is the hundreds digit of 57989?
9
What is the hundreds digit of 20055?
0
What is the thousands digit of 5239?
5
What is the tens digit of 2108?
0
What is the ten thousands digit of 13776?
1
What is the ten thousands digit of 83036?
8
What is the hundreds digit of 5743?
7
What is the thousands digit of 20791?
0
What is the units digit of 390?
0
What is the tens digit of 15477?
7
What is the hundreds digit of 48419?
4
What is the thousands digit of 15147?
5
What is the hundreds digit of 41510?
5
What is the tens digit of 66?
6
What is the tens digit of 1698?
9
What is the thousands digit of 10544?
0
What is the thousands digit of 22432?
2
What is the tens digit of 8568?
6
What is the hundreds digit of 2384?
3
What is the tens digit of 1189?
8
What is the tens digit of 29115?
1
What is the units digit of 5163?
3
What is the units digit of 16?
6
What is the hundreds digit of 192?
1
What is the units digit of 640?
0
What is the ten thousands digit of 48147?
4
What is the thousands digit of 39335?
9
What is the units digit of 302?
2
What is the tens digit of 19618?
1
What is the units digit of 2826?
6
What is the hundreds digit of 2782?
7
What is the tens digit of 1460?
6
What is the hundreds digit of 504?
5
What is the hundreds digit of 782?
7
What is the tens digit of 869?
6
What is the tens digit of 11538?
3
What is the thousands digit of 1216?
1
What is the ten thousands digit of 28245?
2
What is the thousands digit of 1175?
1
What is the units digit of 5120?
0
What is the thousands digit of 2188?
2
What is the thousands d